is the units digit of -2 + 20/t + v?
9
What is the tens digit of (477/12)/((-2)/(-64))?
7
Let c(g) = 2*g**2 + g - 1. Let y be c(-2). Let l(z) = 33*z - 23. What is the units digit of l(y)?
2
Suppose -2*p = -4*k - 3*p - 252, 2*k + 148 = 5*p. Let b = -38 - k. What is the units digit of b?
6
Let b = -11 - -16. Suppose b*z + 7 - 92 = 0. What is the tens digit of z?
1
Let g(a) = 13*a**2 - 7*a + 6. Let u be g(-6). Let o be 4/(-6) + u/18. Let b = o - 8. What is the units digit of b?
0
Let j(l) = l - 11. Let u be j(8). Let h(v) = -3*v - 4. Let w be h(u). Suppose 0 = -3*s + w*q + 67, q - 25 = -3*s + 2*s. What is the units digit of s?
4
Suppose 1243 + 242 = 11*r. What is the units digit of r?
5
Let g be 5/(-25) + (-1068)/(-15). Let w = g + -15. Suppose 0 = -4*k + 3*j + 224, -k - 7*j + 2*j + w = 0. What is the tens digit of k?
5
Suppose -3 = -4*v + 5. Suppose -4 + 8 = v*x. Suppose a - 4 = -3*f, 7*a - x*a + 4*f - 64 = 0. What is the tens digit of a?
1
Let l(r) be the second derivative of -r**5/20 - r**4/4 - r**3/3 - 3*r**2/2 - 2*r. Let a be l(-2). What is the units digit of ((-5)/a)/((-3)/(-9))?
5
Let p be (1/(-1))/(-1 + 0). Let a(n) = -1610*n - 207. Let h(q) = -31*q - 4. Let u(t) = -4*a(t) + 207*h(t). What is the units digit of u(p)?
3
Suppose l - 4 = 0, r + 5*l = 4 + 18. Suppose 6*q - q - n = -87, r*n = 4. Let p = q - -21. What is the units digit of p?
4
What is the tens digit of -158*5/(-3 + 3/3)?
9
Suppose c = -2*c - 558. What is the tens digit of c/(3/(-1))*2?
2
What is the tens digit of ((-836)/(-16))/((-1)/(-4))?
0
Let l(w) = -2*w - 4. Let n be l(-8). Let z = -9 + n. What is the units digit of z/4*4 - -2?
5
Let o = -89 + 55. Let c be o/6*(-12)/4. What is the tens digit of (3 + 0)*c/3?
1
Let x(a) = 591*a - 14. Let g(o) = -394*o + 9. Let f(s) = 8*g(s) + 5*x(s). What is the hundreds digit of f(-1)?
1
Let h = 1943 - 1337. What is the tens digit of h?
0
Let q(g) = -g**3 + 36*g**2 + 38*g - 173. What is the hundreds digit of q(34)?
4
Let c(o) = o**2 + o + 9. Let u be c(0). Suppose 1 = 2*f - u. What is the units digit of f*7*(-3)/(-5)?
1
Suppose -2*m + 2 = z, -3*z + 5*z + 31 = 3*m. Let s(d) = d**2 - 2 + 5 + 0 - 1 + 5*d. What is the units digit of s(z)?
6
Let o = 13 + -5. Let c(g) = -g**2 - 9*g - 20. Let t be c(-6). What is the tens digit of 747/36 - t/o?
2
Suppose -1864 = -4*s + 2*q, 4*s - 3*q = 7*s - 1389. What is the hundreds digit of s?
4
Suppose 0 = -3*v + 3*w - 267, -v - 2*w - 74 = -0*v. Let u be v/16*(3 + 1). Let o = u + 31. What is the tens digit of o?
1
Let n = 17 + -14. Suppose n*u - 5*u = -180. What is the units digit of u?
0
Let o(z) = -z**3 - 4*z**2 + 12*z + 20. What is the hundreds digit of o(-8)?
1
Suppose -3 = -5*z + 17. Suppose -3*x = 1 + 8. Let l = x + z. What is the units digit of l?
1
Suppose -10*n = -9*n - 101. Suppose 135 = 4*p - n. What is the tens digit of p?
5
Suppose 0 = 6*r - 4*r - 34. Suppose -i + 36 = -r. What is the units digit of i?
3
Let w be 2471/(-28) + 1/4. Let b = -46 - w. What is the tens digit of (0 + -5)/((-7)/b)?
3
Let q(y) = 35*y**2 + 11*y - 12. What is the hundreds digit of q(-4)?
5
Suppose -10250 = -4*p - o, 4*p - 2*o - 10244 = -0*o. What is the hundreds digit of p?
5
What is the hundreds digit of (8 - 6 - 8)*(-1108)/12?
5
Let j = 1097 + -469. Suppose 240 + j = 4*a. What is the units digit of a?
7
Let p be (-12 - 0)/(-4) + 2. Suppose -z - 240 = -p*z. Let k = z + -16. What is the units digit of k?
4
Let o = 7 - 7. Suppose 0 = n - o*n + 10. Let c = n + 11. What is the units digit of c?
1
Suppose r = -3 + 34. Let o = r + 13. What is the tens digit of o?
4
Let i = -256 + 517. Suppose 0 = -4*s + i + 215. What is the units digit of s?
9
Suppose 14*r = 11*r - j + 1777, 5*r - 2960 = -2*j. What is the units digit of r?
4
Suppose 5*k + 4760 = 13*y - 8*y, y = -4*k + 947. What is the units digit of y?
1
Suppose 0 = 5469*v - 5473*v + 15772. What is the hundreds digit of v?
9
Let b(m) = -m + 15. Let i be b(13). Suppose -37 = -g + i*q, 0*g - 4*q = -g + 27. What is the tens digit of g?
4
Let n(v) = -22*v + 5. Let p be n(-6). Let x = p - 52. What is the tens digit of x?
8
Suppose 13*i - 1401 = 874. What is the hundreds digit of i?
1
Let i(f) = f**3 + 17*f**2 + 2. Let k be i(-17). What is the tens digit of 88*k - 4*12/(-16)?
7
Suppose 958 = 2*q + 3*c, -q - 2*q + 1436 = 5*c. What is the tens digit of q?
8
Let c = 194 + -123. Suppose 5*z + c = 5*l + z, -4*l + 40 = z. What is the tens digit of l?
1
Let s = -2537 + 4792. What is the tens digit of s?
5
Let w(u) be the second derivative of -u**4/12 - 5*u**3/3 - 7*u**2 - 10*u. Let k be w(-8). What is the units digit of k + -3 - -5 - -38?
2
Let t(n) = n**3 + 9*n**2 - 6*n + 9. Suppose -3*j = u + 26, 0 = j + 3*j + u + 33. What is the units digit of t(j)?
9
Let k = -56 + 21. Let a = k - -40. Suppose -2*o = a*o - 238. What is the tens digit of o?
3
Suppose 4*z - 7 + 19 = 4*a, -5 = 5*a - z. Let x be (a - 0)*(-3 - 1). Suppose 5*i - 143 = -2*t + 6*t, -4*t = x. What is the units digit of i?
7
Suppose -3*m = -5*a + 5241, -22*a + 27*a + 3*m = 5259. What is the tens digit of a?
5
Suppose -3*s - 30 = -2*p, 2*s + p - 10 = 3*s. Let a(j) = -j**3 - 10*j**2 + 8. Let v be a(s). What is the units digit of (v/4 - 1)*2?
2
Suppose 0 = -21*h + 15*h + 2304. What is the hundreds digit of h?
3
Let i(o) = 58*o**2 + 13*o - 34. What is the tens digit of i(5)?
8
Let y = 311 + 79. What is the hundreds digit of y?
3
What is the units digit of (-12)/(-15) + (-2436)/(-5)?
8
Let x(o) = -3*o**2 - 29*o - 22. Let j be x(-9). Let n(h) = 12*h**2 - 2*h. What is the hundreds digit of n(j)?
2
Let a(n) = -n**3 - 16*n**2 + 24*n + 34. Let l = -31 + 13. What is the hundreds digit of a(l)?
2
Suppose f - 4*f - 9 = s, 2*f = -s - 5. What is the units digit of (68/10)/(s/30)?
8
Let n = -5236 + 8470. What is the units digit of n?
4
Suppose 20 = 5*l, -2*f - 2*l = -1039 - 2729. What is the tens digit of f?
8
Suppose 0 = -5*v + 4*p + 3, -3*p = 3*v - 6*p. Suppose v*r = 8*r - 95. What is the tens digit of r?
1
What is the tens digit of (838/1)/(24/12)*1?
1
Let n be 1/(-2)*(-2 + 2). Suppose 3 + 4 = -4*v - 5*y, -2*y - 6 = n. Suppose -3*u + v = -1. What is the units digit of u?
1
Let p = -52 - -82. Let w(t) = t**2 - 7*t + 2. Let a be w(7). What is the tens digit of p - 7 - 1*a?
2
Let c be 12/(-4) - (-6)/1. Suppose 2*b - c*b + 9 = 0. Let f(v) = 8*v - 17. What is the units digit of f(b)?
5
Let q be 1*(-2 - -1) - -5. Suppose k + 2*m + 2*m - 31 = 0, -q*m - 12 = 0. What is the units digit of k?
3
What is the units digit of (-1 - 1797/(-6))/(9/12)?
8
Let z(q) = 4*q + 58. Let r(i) = -i - 19. Let t(s) = -7*r(s) - 2*z(s). What is the tens digit of t(-9)?
2
Let f(z) = z**3 - 16*z**2 - 32*z - 27. Let w be f(19). Suppose -n = -5*n + w. What is the units digit of n?
2
What is the units digit of (117/(-4))/(-1 - 258/(-264))?
7
Let j(c) be the first derivative of 5*c**2/2 + 2*c + 3. Let p be j(-3). Let y = 21 + p. What is the units digit of y?
8
Let c(a) = -2*a + 2*a + 0*a + 13*a. Suppose 4 = 4*g - 5*t, -3*g - 3 + 6 = -3*t. What is the units digit of c(g)?
3
Suppose v - 16 = -4*b + 5*v, 16 = 5*b - 3*v. Suppose 0 + b = -c. Let p = 2 - c. What is the units digit of p?
4
Let k = -32 - -18. What is the units digit of (-111*(-4)/18)/(k/(-21))?
7
What is the thousands digit of (606/15)/(54/1485)?
1
Let k(q) = q**3 - 8*q**2 + 10*q + 1. Suppose a - 13 + 6 = 0. What is the units digit of k(a)?
2
Let q = 132 - -35. What is the units digit of q?
7
Let i(x) = 12*x - 221. What is the hundreds digit of i(30)?
1
Let x(l) = -l**2 + 5*l + 2. What is the units digit of x(4)?
6
Let q(b) = b**2 - 2. Let d be q(2). Suppose -s - d = 8. Let w = 29 + s. What is the units digit of w?
9
Suppose w + 3946 = 3*n, -9*n + 11*n - 3*w = 2626. What is the units digit of n?
6
Let r = 2829 - 1956. What is the hundreds digit of r?
8
Let o(n) = -42*n + 7. Suppose -7*b - 15 = -2*b. What is the hundreds digit of o(b)?
1
Suppose -4*x = 13*k - 16*k - 14012, 2*x = -4*k + 7028. What is the thousands digit of x?
3
Suppose -37*w + 42*w + 2*v = 11038, 2*w - v = 4417. What is the units digit of w?
8
Let d = 503 + -269. What is the units digit of d?
4
Let p = 1837 + -1041. What is the tens digit of p?
9
Let v(i) = -i**3 + 19*i**2 + 12*i - 28. Let q be v(17). Let k = q - 515. What is the tens digit of k?
3
Wha